 + 10. Let x(u) = -2*u**2 - 16*u + 134. Let r be x(5). Let j(s) = r*z(s) - 5*i(s). Determine j(-7).
12
Let p(f) be the second derivative of -3*f**5/10 - f**4/6 - f**3/6 - 2894*f. Let z be ((-1)/(-2))/(1/(-2)). Give p(z).
5
Let q(l) = -6*l + 25. Let s(c) = 2*c**3 - 16*c**2 + 30*c - 105. Let x be s(7). Calculate q(x).
-17
Let s = -4 + 7. Let c(l) = -s*l**3 + 1 + l**3 + 8*l**2 + 3*l**3 + 7*l. Let y be -16 - 108/(-28 + 16). Calculate c(y).
1
Let k(q) = 2*q**3 - 89*q**2 + 28*q + 55. Let w(b) = -b**3 + 39*b**2 - 14*b - 28. Let h(f) = 2*k(f) + 5*w(f). Let x = -12 - -28. What is h(x)?
2
Let y(a) = 43*a + 11. Let q(v) = -3*v - 2. Let j(g) = 4*q(g) + y(g). Suppose 3*x = -3*u, -5*x - 8 = -5*u + 6*u. Calculate j(x).
-59
Suppose 0 = -12*u + 21 + 3. Let x(v) = -2*v - u*v + 9*v - 3 - 3*v. What is x(7)?
11
Suppose -3*m = -3*j + 18, -3*j + 4*m - 6*m + 43 = 0. Let p(s) = 7*s - 68. What is p(j)?
9
Suppose -112*s = 10535 - 10647. Let d(t) = 25*t + 2. Give d(s).
27
Let z(n) = -3*n**2 + 4*n. Suppose 72*w + 36 = 81*w. Let v(r) = 46*r - 181. Let c be v(w). Give z(c).
-15
Let d = -216 - -48. Let k = d - -174. Let b(l) = l**2 - 5*l - 5. Determine b(k).
1
Let i(v) = v**2 + 5*v + 3. Suppose 0 = 3*l + 2*g - 32, -9*g + 8*g = 3*l - 28. Suppose -15*u - 14 = -l*u. Determine i(u).
-3
Let w(b) = 16*b**3 - 10*b**2 - 7. Let i(q) = -5*q**3 + q**2 + 2. Let d(a) = 3*i(a) + w(a). Suppose -4*r = l - 27, 3*r = 3*l + 11 + 13. What is d(r)?
-1
Let x(k) = -3*k - 46. Suppose -5*r + 166 = 3*v + 190, 4*r - 32 = 4*v. What is x(v)?
-22
Let d(p) be the first derivative of -p**4/4 - 23*p**3/3 + 11*p**2 - 44*p - 4407. Calculate d(-24).
4
Let d(z) = 1. Let o(r) be the second derivative of r**3/6 - 3*r**2/2 + 7*r. Let w(a) = 6*d(a) + 3*o(a). Let g(k) = 2*k - 5. Let b be g(4). Determine w(b).
6
Let a(h) be the first derivative of -1/6*h**3 - 1/24*h**4 + 0*h - 20 - 18*h**2. Let c(i) be the second derivative of a(i). Determine c(-7).
6
Let q(t) = 3*t + 19. Let y = -2 - 3. Let f(j) = -5*j. Let l(x) = -17*x - 10. Let i(z) = 3*f(z) - l(z). Let g(p) = y*i(p) + 3*q(p). Give g(0).
7
Let g(n) = -3 - 4*n - 6 + n + 2*n + 10. Let t be 96/(-10)*-1 + 32/80. Suppose 6*j - t = f + 3*j, -3*f - 3*j = -6. Give g(f).
2
Let w(n) be the first derivative of n**4/4 - 5*n**3 + 6*n + 1929. Give w(15).
6
Let a(d) = -3*d**2 + 6*d - 48. Let o(q) = 2*q**2 - 4*q + 31. Let f(j) = 5*a(j) + 8*o(j). Determine f(3).
11
Let z(h) = -h**3 + 4*h**2 + 2*h + 2. Let v be z(4). Let b(m) = -m + 17. Let n(x) = x**2 - 6*x - 66. Let c(k) = 4*b(k) + n(k). Give c(v).
2
Let k(l) = -2*l. Let i(g) = -19*g - 1. Let j(r) = -55*r - 6. Let s(w) = 17*i(w) - 6*j(w). Let q(c) = -3*k(c) - s(c). Determine q(-13).
-6
Let o(x) = -3*x**2 + 2*x - 1. Suppose 0 = -11*z + 12*z - 2. Let y be o(z). Let p(q) = -q**3 - 7*q**2 + 18*q - 4. Determine p(y).
-4
Suppose -4*n + 4 = -2*n, 6 = 4*r - 3*n. Let k(q) = 0*q**3 + 59*q**2 + 2 - 40*q**2 - 29*q**2 - q**r. Let u be 1*(-6)/15*25. Calculate k(u).
2
Let z(l) = -l**3 + 9*l**2 - 8*l + 2. Let s(r) = -231*r + 1856. Let x be s(8). Determine z(x).
2
Let b = 222 - 221. Let y(v) = -108*v + b + 49*v + 58*v. Determine y(-6).
7
Suppose 0*i = 4*i - 28. Let f(m) be the third derivative of m**6/120 - 2*m**5/15 + 7*m**4/24 - m**3 + 129012*m**2. Give f(i).
-6
Let t(k) = -k**2 + 6. Suppose -26*j + 210 = -36*j. Let p = j - -23. Let v be (1 - p) + 3 + -6 + 4. Give t(v).
6
Let h = -29 + 30. Suppose -15 = -3*w + 3*p, -3*w - 2*p = 2*p - h. Suppose t + 1 = w*i, t + 2*t + 5*i + 31 = 0. Let o(m) = -m**2 - 6*m + 5. Calculate o(t).
-2
Let c(a) = -14*a - 47. Suppose 2*m = -73*h + 70*h - 31, 3*m = -4*h - 43. Calculate c(m).
23
Suppose -w - i = w + 20, 0 = 3*w + i + 30. Let g(l) = 29*l - 1. Let b(v) = -23*v + 2. Let z(s) = 5*b(s) + 4*g(s). Calculate z(w).
-4
Let i(g) = -g + 25. Let m be i(23). Let u(k) = 41*k - 2 + m*k**2 - 24*k - 22*k. Calculate u(5).
23
Let m(x) be the first derivative of x**3/3 + 9*x - 2379. What is m(-5)?
34
Let z(r) = 0*r**3 + 26525*r**2 + 5 + r - 26531*r**2 - r**3. Give z(-6).
-1
Let x(d) = -1276*d + d**3 - 8*d**2 + 445*d + 50 + 446*d + 389*d. Calculate x(7).
29
Let i(x) = x**3 - 4*x**2 + 4*x - 1. Suppose t = 4*a - 287, -2*a - 5*t + 293 = 2*a. Let u = -69 + a. What is i(u)?
2
Let l(n) = 7*n + 218. Let m be l(-30). Let f(b) = b**2 + m + 6 - 20 + 2. Determine f(3).
5
Let a(s) = -4*s**2 - s - 2. Let o be (-10)/((-5)/((-15)/(-6))). Let h(t) = -7*t**2 - t - 3. Let c(b) = o*a(b) - 3*h(b). Calculate c(-1).
2
Let h be (-1 - (-3 - 10/(-6)))*6. Let k(l) = 21*l - 47*l - 2 + l**h + 31*l. Calculate k(-6).
4
Let s(i) = 5*i + 5. Let n(z) = -31*z**2 - 395*z - 260. Let r(d) = 6*d**2 + 79*d + 52. Let o(q) = -2*n(q) - 11*r(q). Let h be o(-19). Calculate s(h).
30
Let s = -119 - -122. Suppose -2*g - j - s = -g, 3 = -g - 2*j. Let z(u) be the first derivative of 2*u**2 - 2*u + 2. Calculate z(g).
-14
Let w(b) = 3*b**2 - 12*b - 9*b - 4*b**2 + 10 + 6*b. Suppose -542*j + 264*j = -257*j + 336. Calculate w(j).
-6
Let c(r) = -4*r**2 - 7*r + 4. Let q be 3*((-50)/42 + (-8)/56). Let b(z) = 5*z**2 + 8*z - 5. Let p(v) = q*c(v) - 3*b(v). Give p(-3).
-4
Let p(x) = -x - 5. Let m be (-4)/26 - 6/(-39). Let d be p(m). Let w(f) = -177*f + 2*f**2 - f**3 + 181*f - 8*f**2 + 2*f**2. What is w(d)?
5
Let i(v) = -81*v**2 + 159*v**2 + 2*v - 2*v - 72*v**2. Calculate i(1).
6
Let g be (-4)/6*(-1539)/(-114). Let b(y) = 2*y - 4 + 31*y**2 + 3*y + y**3 - 21*y**2. What is b(g)?
32
Let w = -36 + 29. Let y(x) = -10*x - 14 - 4 - x**2 + 10 - 7 - 1. Determine y(w).
5
Let p(f) = -19*f**2 - 9*f + 22. Let j(n) = 66*n**2 + 27*n - 69. Let t(s) = 2*j(s) + 7*p(s). What is t(-6)?
34
Let g be (-17)/(-3) - 130/78. Let b(l) = l**3 + 2*l**2 - l + 4. Let a(r) = -2*r**3 - 5*r**2 + r - 9. Let w(k) = 4*a(k) + 9*b(k). Determine w(g).
12
Let v(f) = -13 - 9 + 7 - 3*f. Let z(j) = -4*j - 15. Let g(w) = -3*v(w) + 2*z(w). Let x = 7 + -14. Give g(x).
8
Let n(q) = -2230*q**2 + 15 - 17 + 2227*q**2 + 8*q + 9. Calculate n(3).
4
Suppose 0 = -5*z + 20 - 5. Let x(p) = p**3 - p**2 + p - 1. Let k(s) = -4*s**3 - s**2 - 8*s + 7. Let y(g) = z*x(g) + k(g). What is y(-4)?
24
Let n(t) = 19*t**2 - t - 13. Let i(o) be the third derivative of 11*o**5/30 - o**4/12 - 5*o**3/2 + 324*o**2. Let c(g) = -6*i(g) + 7*n(g). Give c(-4).
-5
Let b(n) = 4 - 2*n**2 + 2*n**2 + n**2 + 0*n**2 + 0*n**2. Suppose -z + g - 6 = 0, z = -4*z - 5*g. Calculate b(z).
13
Let p = -52 - -55. Let q(i) = 11*i**2 + 51*i + 23. Let r(m) = 5*m**2 + 26*m + 12. Let k(f) = p*q(f) - 7*r(f). Let w be k(-14). Let s(l) = 2*l**2. Give s(w).
2
Let x(q) = q**3 + 46*q**2 - 63. Let n(j) = 2*j**2 - 3. Let m(u) = 20*n(u) - x(u). Suppose 0 = p + 11 - 5. Give m(p).
3
Let v(i) = -13*i - 12*i - 8*i + 35*i - i + 38. Calculate v(13).
51
Let b be -1*21*(-96)/12. Let j(l) = -86*l**2 - 7 - 81*l**2 + 11*l + b*l**2. What is j(-11)?
-7
Let o(c) be the third derivative of 0*c + 127*c**2 - 1/6*c**3 + 0*c**4 + 1/30*c**5 + 0. Suppose 0 = -0*r - 2*r + 4. Give o(r).
7
Let i(c) = -c - 7. Let o(f) be the third derivative of 0*f**3 - 1/3*f**4 + 0*f + 0 - 1/10*f**5 + 1/120*f**6 + 13*f**2. Let n be o(7). Calculate i(n).
0
Let t(l) = -l**2 + 9*l - 12. Let d(q) = -8*q - 9. Let s be d(3). Suppose 3*p + 3*v = 117, 0 = -2*v - 4. Let k = s + p. Calculate t(k).
-4
Suppose 244*j + 26 = 288 + 714. Let t(k) be the second derivative of 1/6*k**j + 30*k - 1/2*k**3 + 0 + 2*k**2 + 1/20*k**5. Calculate t(-3).
4
Let r(a) = a**2 + 5*a. Let m = -48 + 52. Let x be 4/2 - (m - 3). Suppose -o + 23 = -4*f, -x = f + o + 6. What is r(f)?
6
Let g be -3*(-1 - -4) - (30 + -26). Let z(m) = -m**3 - 12*m**2 + 14*m - 3. Give z(g).
-16
Let o(v) be the first derivative of -2*v**2 + 23*v - 1601. What is o(11)?
-21
Let y(d) = d + 4. Let q(c) = 2*c + 3. Let g(f) = 4*q(f) - 5*y(f). Suppose 114*r = 86*r + 224. Determine g(r).
16
Suppose -13*o + 801 = -1396. Let x(l) = 0*l**2 - o*l - 4*l**2 + 168*l + l**3. Determine x(4).
-4
Let f(o) = -o**3 - 9*o**2 - o - 45. Let t be (6 - (-3)/(-2))*(1 + -3). Give f(t).
-36
Suppose -q = 4*o - 4, 53*q = -5*o + 48*q - 10. Let c(i) = 308*i**2 - 153*i**o - 154*i**2 + 1 + 2*i. What is c(-5)?
16
Let i(r) = -6. Let p(o) = -5. Let z(k) = -4*i(k) + 5*p(k). Let l(n) = -4*n + 0*n + 4 - 2*n + 3*n. Let j(h) = -l(h) - 6*z(h). Calculate j(4).
14
Suppose -4 = 4*i + 3*j, j - 2 = 5*i - 8*i. Let b(a) be the second derivative o